 2*p + 4. Let i be -1*4*p/(-6). What is the highest common divisor of 126 and i?
14
Let a = -3408 + 7911. What is the greatest common divisor of a and 114?
57
Let j(t) = -6*t**2 + 24*t + 46. Let n be j(6). Let c = -7 + -9. Let d = c - n. Calculate the highest common divisor of d and 80.
10
Suppose -2*d + 48447 = k, -9*d + 3*k + 72648 = -6*d. What is the greatest common divisor of d and 53?
53
Let j = -15905 - -15980. What is the highest common factor of j and 2950?
25
Let q be (-6 + 5 - 7) + 1 - (-4710 - -4). Calculate the greatest common divisor of q and 635.
127
Suppose -164 = -3*d - 50. Let b(q) = 15 - d*q - 36*q - 6*q**2 - q**3 + 65*q. Let c be b(-5). Calculate the greatest common factor of 280 and c.
35
Suppose 4*u + 12 = u, 112 = 4*v + 5*u. Let q = -28 + v. Suppose 3*k = 6*k + t - 119, -4*k = q*t - 155. What is the highest common factor of k and 100?
20
Let q(x) = -271*x + 1 - 274*x + 560*x. Let a be q(2). Calculate the greatest common divisor of 496 and a.
31
Let q(g) = 95*g + 772. Let w be q(-8). Let m(s) = 8*s - 2. Let o be 2 + (-3 - -2 - -3). Let t be m(o). What is the highest common factor of t and w?
6
Suppose -1465*p - 216 = -1473*p. Suppose -3*w + w = 2*j - 8, 4*j = -2*w + 14. Let f be 297 + (0 + w - 1). What is the highest common divisor of f and p?
27
Let c be 2/(-4)*(-630)/15. Suppose c + 63 = 21*g. Calculate the highest common factor of 108 and g.
4
Let b = 2604 - 2567. Let d be 5140/140 + (2/(-7))/(-1). What is the greatest common divisor of b and d?
37
Suppose -2*w + 5*z = -132, 4*z + 17 = 1. What is the highest common factor of 588 and w?
28
Let o(z) = 93*z - 887. Let j be o(0). Let w = 910 + j. Calculate the highest common factor of 1288 and w.
23
Let y(x) = 34*x**2 - 2*x + 1. Let q be y(2). Suppose 12 = -6*o + 10*o. Suppose 0 = -o*u - 2*u + 95. What is the highest common divisor of q and u?
19
Let m be (5 - (-9 - -4)) + -3. Suppose -3*a + 4500 = -m*b, -2*a - 3*b = -7*b - 3000. Calculate the highest common factor of a and 100.
100
Let p(h) = 57*h + 33. Let m be p(-6). Let x = m - -345. What is the greatest common divisor of 9 and x?
9
Let g(c) = 3*c + 4. Let y be g(-3). Let u be -3*((-5)/y - -8). Let r = -4 - u. What is the greatest common factor of r and 161?
23
Suppose -2*b + 25 - 7 = 0. Suppose 3*g - 15 = 0, a - 2*a + g = -b. Let s be 28*-9*2*(-1)/4. What is the highest common factor of a and s?
14
Suppose 3*b = -4*r + 36, 4*b - 32 + 0 = -4*r. Suppose r*f - 305 = 199. What is the greatest common factor of f and 21?
21
Let y(o) = 214*o - 5853. Let h be y(45). What is the greatest common divisor of h and 3?
3
Let h be (-57)/((-1 + -1)*(-13)/(-78)). Calculate the greatest common factor of 9 and h.
9
Let y(w) = w**2 + 8*w - 1. Let t be y(-5). Let g be t/(-6)*(-9)/(-6). Suppose -d + g*d = 405. What is the highest common factor of d and 27?
27
Suppose m + 5 = 34. Let y(z) = -z**3 + 16*z**2 - 27*z + 366. Let a be y(13). Calculate the greatest common divisor of a and m.
29
Let a = 749 - 722. Let v be 2/((-72)/a) - (-555)/4. What is the greatest common factor of 184 and v?
46
Suppose 10 = -3*g + 7. Let h(n) = -200*n**3 + n**2 - 11*n - 12. Let q be h(g). What is the highest common divisor of 10 and q?
10
Let o(f) = -f**3 + 48*f**2 + 150*f + 241. Let d be o(51). What is the highest common factor of d and 120?
8
Let c = -32 + -117. Let m = 282 + c. Suppose 0 = -3*q + 5*g + m, 8*q - 3*q - 211 = 3*g. What is the highest common factor of q and 287?
41
Suppose 10*b = -32180 + 170698 + 53022. Calculate the greatest common divisor of 244 and b.
122
Suppose 3*r + 248 - 875 = 0. Suppose -s = 3*g - 22, -5*g = 85*s - 87*s + 33. Calculate the greatest common factor of r and s.
19
Suppose -397*n - 13593 = -137*n - 61173. What is the greatest common divisor of n and 854?
61
Let v = -119 - -273. Let o(q) = 9*q - 58. Let f(b) = 2. Let n(g) = -4*f(g) - o(g). Let r be n(4). What is the greatest common divisor of r and v?
14
Let t(g) = -44*g - 68. Let c be -7 - -7 - (6 + -1). Let o be t(c). Calculate the greatest common factor of o and 19.
19
Let m = 162514 + -162388. Let n = 122 - 59. Calculate the highest common factor of n and m.
63
Suppose -630 = -5*d + f, f - 2*f - 380 = -3*d. Suppose -15 = -4*a + d. Calculate the highest common factor of a and 15.
5
Let l be 0 + 6/3 - (2 + 20). Let w be (-16)/l*5*420/16. What is the highest common divisor of 35 and w?
35
Suppose -540 = 3*h - 6*h. Suppose -150 = -b - 24*b. Let m(q) = -14*q**2 + 90*q. Let w be m(b). Calculate the highest common divisor of h and w.
36
Let t = -8852 - -8872. Let y = -483 + 743. Calculate the highest common divisor of y and t.
20
Suppose 0 = -0*g - g - 3*s - 215, g + 2*s = -217. Let d be (g/(-1) - -1)/((-3)/(-8)). Calculate the highest common factor of d and 16.
16
Suppose -m + 3811 = -2*c, -20*m + 5*c = -18*m - 7620. Calculate the highest common divisor of m and 35.
35
Let q = 570 + -543. Let r(f) be the second derivative of 3*f**4/4 - 10*f. Let w be r(-2). Calculate the highest common factor of w and q.
9
Suppose 5*v - 25*w = -20*w + 360, -5*w - 282 = -4*v. Calculate the highest common divisor of v and 2444.
26
Let j = 42 + -31. Let s be (-377 + j)*(1 - 2). Suppose -2*u + 306 = g, 4*u - g - s - 246 = 0. What is the greatest common factor of 17 and u?
17
Let w(s) = 24*s - 87. Let f be w(5). Suppose -b + 3*l + f = 0, b + 4*l = 5 - 7. What is the greatest common factor of 189 and b?
9
Let o = -52 + 78. Suppose -6487 = -40*q + 3294 + 2699. What is the greatest common factor of o and q?
26
Suppose -5*o + 7*c = 5*c - 1965, 0 = -3*o + 4*c + 1193. Suppose -17*b + o = 6*b. Calculate the greatest common factor of 1139 and b.
17
Let i = -28 + 41. Let d = 30 + i. Suppose -3*h - 16 + d = j, 3*j - 2*h - 26 = 0. What is the highest common divisor of j and 8?
4
Let o be (-5453)/(-95) + 23 - (-2)/(-5). What is the highest common factor of 3610 and o?
10
Let f(c) = c**3 + c**2 + 2*c - 3. Let v be f(0). Let k be ((-32)/((-4)/2))/(v/3). Let l = k + 29. What is the highest common factor of 91 and l?
13
Suppose 4*j + k = 36, 5*j - k - k - 45 = 0. Let y(q) = -j*q - 6*q + 6 - q**2 - 34 - 2. Let m be y(-12). What is the greatest common divisor of 42 and m?
6
Let v be (-30)/(-100) - (4 - (-2057)/(-110)). What is the highest common divisor of v and 1355?
5
Let d(v) = v**3 - 9*v**2 - 21*v + 283. Let u be d(14). Calculate the highest common divisor of 9 and u.
3
Suppose -l = -3*l + 5*i + 8, -2*l + i = 0. Let b be (15/6 + l)/((-6)/(-44)). Suppose 7*d = b*d - 56. Calculate the highest common factor of 28 and d.
14
Let a be ((-171)/(-5))/((-182)/(-420) - (-2)/(-15)). Calculate the greatest common factor of a and 3819.
57
Suppose -2*p - 7 = f, 2*p = 2*f + 11 - 21. Calculate the greatest common factor of f and 68.
1
Let m = 1821 - 1870. Let g be (-1 + (-138)/4)*2. Let x = m - g. Calculate the greatest common factor of x and 154.
22
Suppose 106 = 4*s + 3*z, 2*z = 2*s - 49 - 11. Suppose s*f - 64 = 440. Suppose -6*v = -3*v - 6. Calculate the greatest common factor of f and v.
2
Let r = 11106 - 8272. What is the greatest common factor of r and 1090?
218
Suppose -3*l - y + 14 = 0, 0 = 5*l - y + 2*y - 24. Let u = 6 + 0. Suppose -l*h + 50 = 3*m, m + 4*h + 108 = u*m. Calculate the highest common factor of 80 and m.
20
Suppose -7*a - 206 = 5*n - 5*a, -n = -2*a + 46. Let q be -3 - -3*(-7)/(n/10). Calculate the highest common factor of q and 7.
1
Suppose z = -z, 20 = 5*g - 4*z. Suppose 115 = 5*f + 5*c, 48 = g*f - 3*c - 65. What is the highest common divisor of f and 169?
13
Let k = -6738 + 6829. Calculate the highest common factor of k and 8918.
91
Let f(u) = u + 36. Let n be f(-23). Suppose -12*h + n*h = -5*r + 14, 3*h - 5*r - 22 = 0. What is the highest common divisor of 1152 and h?
9
Let x(s) = -14*s - 96. Let c be x(-7). Suppose 4*z = c*v - 126, 7*z - 8*z = 5*v - 271. Calculate the greatest common factor of 15 and v.
5
Let x be (-4)/18 - 1557/(-81). Let h = 739 + -720. What is the highest common divisor of x and h?
19
Let d = 6 - -1. Let j(u) = -10*u + 271. Let t be j(18). Calculate the highest common divisor of t and d.
7
Suppose 85*u + 6393240 = 557*u. What is the highest common factor of 84 and u?
21
Let i = 446 - 257. Let f(u) = -5*u - 11. Let o be f(-15). Let b = o - 37. What is the highest common factor of i